v and y?
16
Let r(v) = -10*v**3 + v**2 + v - 1. Let y be r(-1). Suppose -2*s + 3*u + 186 = 0, 2*s + 2*u = -u + 210. Calculate the highest common divisor of y and s.
9
Suppose -r + 4 + 3 = 0. Let a(v) = -6*v**2 + v**3 + 3*v**3 - 3*v**3 + 1 - r + 8*v. Let i be a(6). What is the highest common divisor of i and 105?
21
Let f be 2*3 + 4/4. Let y = 11 - f. Suppose 3*k + k = 128. What is the greatest common divisor of k and y?
4
Let b = 5 + -5. Suppose 9*g - 4*g - 70 = b. Calculate the highest common factor of 35 and g.
7
Suppose 5*k + 2 = v, 28 = 3*v - k - 3*k. What is the highest common divisor of 84 and v?
12
Suppose -1 = -l + 4. Suppose -5*n = -b + 18, n - l - 151 = -4*b. What is the greatest common divisor of 57 and b?
19
Let x be (-14)/21 - (-4)/6 - -13. What is the highest common divisor of 117 and x?
13
Let b be (16/(-24))/(4/6). Let d be (-13 + -6)*1/b. Calculate the greatest common factor of 190 and d.
19
Let y be (3/6)/((-2)/(-24)). Let h = 8 - y. Suppose -o = 5, u + h*o = 4*o + 30. Calculate the greatest common divisor of u and 80.
20
Let q be (-20)/(-6) - (-2)/(-6). Let h be 10/(-15)*(-60)/2. Suppose -y - 5*d = -h, -3*d + 63 = q*y + y. Calculate the greatest common divisor of 3 and y.
3
Let a(z) = 2 - 5 + z**2 + 5*z + z**2 - 3*z. Let c be a(-4). Calculate the greatest common divisor of c and 231.
21
Let f be (5 + 1)/((-30)/(-20)). Calculate the highest common factor of 20 and f.
4
Let m(c) = -c**2 + 6*c - 2. Let s be m(3). Let n = 9 - -5. What is the highest common divisor of s and n?
7
Let q be (-1)/(-2) + (-3)/6. Suppose -t + q = -9. Calculate the highest common factor of 63 and t.
9
Let r be (5/2)/(2/4). Suppose -2*t - 3 = r. Let k = t - -19. Calculate the greatest common factor of 30 and k.
15
Suppose -o - 22 = -4*o + 4*z, 2*o = -5*z + 7. What is the greatest common factor of 4 and o?
2
Let u = -4 + 7. Let z = -16 - -19. What is the highest common divisor of z and u?
3
Let j(r) = -r**2 - 3*r. Let i be j(-3). Let o(c) = i + 4 + c + 0*c. Let v be o(5). Calculate the greatest common factor of v and 6.
3
Suppose 328 = 3*q + 34. Calculate the highest common divisor of 14 and q.
14
Let k be (21/14)/((-2)/(-4)). Let q(b) = b**3 + 4*b**2 + 3. Let g be q(k). Calculate the highest common factor of g and 6.
6
Let n = 7 - -29. Suppose -4*d + n + 36 = 0. What is the greatest common factor of d and 36?
18
Suppose -3 = f - 11. Let y be -4 - 1*-2*6. Calculate the highest common divisor of f and y.
8
Let f be 1332/42 - 2/(-7). What is the highest common factor of f and 48?
16
Let z be 28/(-2)*(-11)/2. What is the highest common factor of z and 7?
7
Let y = 137 - 132. What is the greatest common divisor of 5 and y?
5
Let u be 1 - (-3)/(-6)*-2. Suppose 4*x = u*z + 114, 3*x - 54 = x + 2*z. Let c = 21 - 9. What is the highest common factor of x and c?
6
Suppose -7*c + 2*c + 30 = 0. Let v = -4 + c. Calculate the greatest common divisor of v and 16.
2
Let u be -8*1*6/2. Let k be ((-2)/4)/(4/u). Suppose m = -m, 0 = -k*z + 4*m + 36. Calculate the highest common factor of z and 3.
3
Let y be 9*1/(1/1). Let l(g) = g**3 + 7*g**2 - 6*g + 7. Let f be l(-8). Let j be (4/3)/((-2)/f). Calculate the highest common factor of j and y.
3
Suppose -5*s + 3*y + 2*y + 190 = 0, -3*y = 2*s - 81. What is the greatest common factor of s and 26?
13
Suppose -5*n = 3*s - 32 - 33, 0 = -3*n + s + 25. Calculate the highest common factor of 70 and n.
10
Let b be 0 + 1 - 1*-9. Let d(p) = -2*p**3 - 3*p**2 - 2*p + 2. Let u be d(-4). What is the greatest common divisor of b and u?
10
Suppose -315 = 2*t - 4*t + 5*k, 5*k = t - 155. Calculate the highest common divisor of 40 and t.
40
Suppose 0*f = -f + 192. Suppose f = -0*r + 4*r. What is the greatest common divisor of 6 and r?
6
Let c = 350 - 217. What is the highest common divisor of 19 and c?
19
Suppose 4*n + 9 = -3*l, -l + 3*n = -3 - 7. Suppose 2*x + 29 - 81 = -4*m, 30 = 2*m + 2*x. What is the greatest common divisor of m and l?
1
Let m = 33 - -28. Let p be m/7 - (-4)/14. Calculate the highest common divisor of p and 27.
9
Let w = 2 + 6. Calculate the highest common factor of 16 and w.
8
Let i = -155 + 440. Suppose 0 = -4*u + i + 3. What is the greatest common factor of 48 and u?
24
Suppose 78 = 8*t - 2*t. Calculate the highest common factor of 117 and t.
13
Suppose 4*o = 3*f + 23, -3*f - 4 = -2*o + f. Calculate the highest common factor of 4 and o.
4
Let w be 2/(-4) - (-14)/4. Suppose 0 = 4*i + w*v + 2*v + 116, -3*i + v - 87 = 0. Let n = i - -46. What is the highest common divisor of n and 153?
17
Let c(b) = -b + 5. Let f be c(-4). What is the highest common divisor of 1 and f?
1
Let u be (-12)/8*4/(-6). Let k be (0 - u/(-2))*8. Suppose -k*s + 18 = -510. What is the highest common factor of s and 12?
12
Let z = 5 + 0. Calculate the greatest common factor of 55 and z.
5
Let j(n) = 5*n**2 - 7*n - 11. Let v be j(8). What is the greatest common factor of 23 and v?
23
Suppose 4*l - 1646 = -5*n, 3*n = 2*l + 2*n - 816. Suppose -3*o + 444 = -4*y + y, 3*o = -4*y + l. What is the highest common divisor of o and 13?
13
Suppose 7 = u + 3. Let w be 2/5 - 15/(-25). Calculate the greatest common divisor of u and w.
1
Let j = 13 + -8. Suppose 0 = j*m + 19 + 21. Let a = m + 15. Calculate the highest common factor of a and 28.
7
Let s = -45 - -66. What is the greatest common factor of s and 147?
21
Suppose -4*w = -123 + 15. Suppose c = 9 - 1. Let m be (-6)/(-8)*c*3. Calculate the highest common factor of m and w.
9
Suppose -7*y + 130 = -2*y. Calculate the greatest common factor of y and 104.
26
Suppose -100 = 4*r - 340. Let s be ((-48)/28)/((-2)/14). Calculate the greatest common factor of s and r.
12
Let u(p) = -14*p + 4. Let i be u(-3). Let k = -6 + i. Suppose 44 = 5*b - 36. Calculate the greatest common factor of k and b.
8
Let m = -41 + 239. What is the greatest common factor of m and 18?
18
Suppose u - 24 = -x - 4*x, 3*u - 3*x - 18 = 0. What is the greatest common factor of u and 9?
9
Let d = -44 + 63. Suppose 0 = 2*b - b + 4*c + d, 53 = -5*b + c. Let x = -2 - b. Calculate the highest common divisor of x and 9.
9
Suppose -4*m = -25 + 5. Let q be (132/10)/(2/m). What is the highest common factor of q and 22?
11
Let j(b) = b + 3. Let w = 7 - 1. Let c be j(w). What is the greatest common factor of 90 and c?
9
Let a be (-5)/(-35) + (-2)/14. Suppose a = -m + 2*m - 16. What is the greatest common divisor of m and 176?
16
Let u be -2*1/2*-18. Suppose -4*b - r + 12 + 27 = 0, -r + 3 = 0. Let a = 0 + b. What is the greatest common factor of a and u?
9
Suppose 0*q + 36 = 3*q. Let s be (-2)/(-8) + -862*3/(-24). Calculate the greatest common factor of s and q.
12
Let w(m) = -m**2 - 7*m - 5. Let r(u) = 2*u + 2. Let g be r(-3). Let p be w(g). Calculate the greatest common divisor of 28 and p.
7
Let f(s) = -s**3 - s**2 + s + 25. Let q be 6/27 + (-2)/9. Let n be f(q). Calculate the highest common factor of n and 5.
5
Let o be 4 - ((-2)/(-1) + -2). Suppose -o*f + t = -98, -2*f - 2*t + 48 = -3*t. Calculate the greatest common factor of f and 5.
5
Let w(p) = -p - 3. Let n be w(-7). Let g = -3 - -8. Suppose -n*f + 3*f + g = 0. Calculate the greatest common factor of f and 15.
5
Let w be (-122)/8 + (-3)/(-12). Let f = 25 + w. Calculate the highest common divisor of 50 and f.
10
Let b = -25 + 28. Calculate the highest common factor of 15 and b.
3
Let u = 11 - 20. Let b be 6/u*-2*3. What is the greatest common divisor of b and 8?
4
Suppose 5*h = 5*w + 75, -4*w = -0*w - 5*h + 64. Let x be (-8 - w)/(2 - 1). Calculate the highest common divisor of x and 33.
3
Let w = -90 + 195. Calculate the highest common factor of 21 and w.
21
Let u be -2*(1 - 0) + 19. What is the greatest common divisor of u and 136?
17
Suppose 2*z + z + 24 = o, -4*o - 2*z + 40 = 0. Calculate the highest common divisor of o and 60.
12
Suppose -140 = -h + 5*p, 2*h + 8*p - 280 = 3*p. Calculate the highest common factor of h and 28.
28
Let r(w) = -w**3 - 2*w**2 + 6*w + 4. Let v be r(-4). Let b = -6 - -25. Suppose -4*q = 3 - b. What is the highest common divisor of q and v?
4
Let p(n) = n**2 - 3. Let o be p(-5). Let b be o/6 - 1/(-3). What is the greatest common factor of 20 and b?
4
Suppose 3*y = 4*q - 1172, 3*y - 7 = 5. What is the greatest common factor of q and 37?
37
Let q(b) = 10 + 2*b**2 - 4 + 0*b